i prime?
False
Suppose -i + v + 4 = 0, -2*v = i - 4*i + 13. Let w = 6 - i. Is 2*w*106/4 composite?
False
Is ((-88)/(-24))/((-2)/(-42)) a composite number?
True
Let v = -217 - -377. Suppose 0*n = -2*j + n + 73, -5*j + v = 5*n. Is j a prime number?
False
Let o(v) = v**3 + 11*v**2 - 10*v + 4. Let d be o(-12). Let r = d - -53. Is r prime?
False
Suppose 1035 = 5*l - 4450. Is l prime?
True
Let b(y) = 239*y**2 - 2*y. Let t = 10 + -8. Let d be b(t). Suppose -4*g - 84 = -d. Is g a prime number?
False
Let b(m) be the third derivative of 7*m**5/6 - m**3/6 - 3*m**2. Is b(-1) composite?
True
Suppose -3*b - 1239 = -8*b + 4*m, 733 = 3*b - 5*m. Is b a prime number?
True
Let v = 159 - -168. Is v a prime number?
False
Is (2/(-3))/(2/(-69)) a prime number?
True
Is 8022/10 - (-88)/110 a composite number?
True
Let z be 6/9*3*1. Suppose z = -3*i - 10. Is i/(-10) - (-1329)/15 prime?
True
Suppose 0 = -5*x + 2*x + 5*n - 10, 2*n = -3*x + 25. Suppose -10 = -2*r, 0*q + 4*r = x*q. Is (6/q)/((-1)/(-10)) a composite number?
True
Let d = 60 - -27. Is d a composite number?
True
Let t be 2/(-6) - (-6)/(-9). Let f(h) = 329*h**2 - h - 1. Is f(t) a composite number?
True
Suppose 0 = -4*g + 3*g + 173. Let c be (-2 - -17)*1/3. Suppose g + 62 = c*u. Is u a composite number?
False
Let n = -13 + 39. Is n prime?
False
Let k be (-10)/15 - 101/(-3). Let p = -20 + k. Is p composite?
False
Let b = 967 - 586. Is b prime?
False
Let u(v) = 5*v**2 + 2*v - 6. Is u(-5) a prime number?
True
Let u be ((-228)/(-8) + -3)*-2. Let k = 260 + u. Is k prime?
False
Let p(g) = 59*g - 1. Let h be p(1). Suppose 3*c = 305 + h. Is c prime?
False
Let d = -4 - -4. Let f = d - 3. Is 132/8 - f/(-2) prime?
False
Let i be (-4 - -4 - -2) + 0. Is 3*(i - 21/(-1)) composite?
True
Suppose -5*x - 2*k + 2488 = -0*x, -k + 1991 = 4*x. Let w = x - 293. Is w composite?
True
Suppose -18*d - 426 = -21*d. Is d a prime number?
False
Let s be 10/(-2)*16/20. Let y be (-38)/s*(-2 + 0). Let h = 42 + y. Is h a prime number?
True
Let g(d) = d**3 - 4*d**2 + 4*d + 13. Is g(8) a prime number?
False
Suppose 0 = -u - i - i - 8, -3*u - 3*i - 18 = 0. Let a(b) = -b. Let l(c) = 109*c - 1. Let r(q) = u*a(q) - l(q). Is r(-1) a composite number?
True
Let h be ((-66)/(-55))/((-6)/(-400)). Let u = h + -22. Is u a prime number?
False
Let y(o) be the second derivative of 29*o**4/24 + o**2 - o. Let f(r) be the first derivative of y(r). Is f(5) composite?
True
Suppose -x + 273 = -2*x. Let q = -236 + 46. Let s = q - x. Is s prime?
True
Suppose -3*y + 1 = -8. Suppose -3*v = -899 - 1036. Suppose -2*h + v = y*h. Is h a prime number?
False
Suppose -4*z = 3 + 1, 5*v = 5*z. Is (-784)/(-20) - v/(-5) prime?
False
Suppose p - 364 - 443 = 0. Is p prime?
False
Let f(w) = -2*w - 2. Let n(d) = 5*d + 6. Let m(k) = -8*f(k) - 3*n(k). Let q be m(0). Is 21 - (-2 - (-2 - q)) a prime number?
True
Let k(o) = o**3 + o**2 + 6. Let t = 13 + -13. Is k(t) a prime number?
False
Is (-950)/(-2) - 12/42*14 a composite number?
True
Suppose -6*v + 4*v = -10. Let y(d) = -d**3 + 6*d**2 - 3*d - 5. Let g be y(v). Suppose g*n - 185 = 10. Is n a composite number?
True
Suppose 4 - 6 = -k. Suppose -k*f - 5*t - 24 = 0, 2 = 5*f - t - 2*t. Is -3 + f + 3 - -15 composite?
False
Let y = 46 - 15. Is y a composite number?
False
Suppose -g - 24 = -101. Suppose -g = 4*o - 953. Is o a composite number?
True
Let u(h) = 3*h + 3. Let t be (3/2)/((-3)/(-8)). Let y be u(t). Suppose -y + 74 = f. Is f composite?
False
Suppose 5*x + 32 = 4*x - 4*o, -3*o - 102 = 4*x. Let j = -2 - x. Suppose -v + j = v. Is v prime?
True
Let m(z) = 2*z**2 - 5*z + 3. Let r(q) = -q**2 + 8*q + 1. Let t be r(7). Is m(t) composite?
True
Suppose 0 = -0*o + 2*o - 1574. Is o a prime number?
True
Suppose -29*d + 36*d - 322 = 0. Is d prime?
False
Let t be ((-15)/4)/((-9)/72). Suppose 5*l = -t + 865. Is l prime?
True
Let h(s) = -3*s**2 - 11*s + 5. Let r be h(-4). Suppose 4*l = y + 9, -3*y - 5*l + 17 + 7 = 0. Is 53/((-2)/(r - y)) a prime number?
True
Is 4*1 - (-6 + -103) prime?
True
Let o = 983 - 372. Is o prime?
False
Let b be 28/(-49) + 32/7. Let x be 2*((-130)/(-4) - -1). Suppose 0 = 5*c - 4*r - x, b = -0*r + 2*r. Is c a composite number?
True
Let p(t) = -12*t + 10. Is p(-7) composite?
True
Suppose 0 = 8*x - 15*x + 2779. Is x a composite number?
False
Let n(u) = u**3 + 17*u**2 - 3*u - 2. Is n(-9) a prime number?
True
Let a = 209 + 678. Is a a prime number?
True
Let j(r) = 13*r**2 + 5*r + 4. Let k be j(-4). Let u(z) = z**3 - z**2 + z - 83. Let d be u(0). Let o = k + d. Is o prime?
True
Let o(z) = 52*z - 5. Let u be 1 - -1*(0 - -3). Is o(u) a composite number?
True
Let d(z) = z**2 + 5*z - 2. Let j be d(-6). Let x(q) = -j*q + 3*q + q + 2*q + 1. Is x(7) a prime number?
False
Suppose -x = 2*r - 614, -614 = -2*r - 4*x + 2*x. Is r a composite number?
False
Let x(v) = 53*v - 1. Is x(4) composite?
False
Let y(f) = 52*f - 1. Let t(a) = -209*a + 4. Let p(b) = -2*t(b) - 9*y(b). Is p(-5) a prime number?
True
Let g(d) be the first derivative of d**3/3 - d**2/2 - 4*d + 2. Let x be g(-3). Let k = 34 - x. Is k a composite number?
True
Let o = -55 + 135. Suppose 243 = n + o. Is n a prime number?
True
Let y(f) = 2*f**2 - 5*f - 10. Let h(k) = -k - 1. Let r be h(-1). Let t be (-1 + r)/((-1)/7). Is y(t) prime?
True
Let i(s) = -14*s + 4. Let x(o) = -1. Let z(k) = i(k) + 5*x(k). Is z(-1) prime?
True
Is (-8)/6*(2 + 4550/(-4)) composite?
True
Suppose -3*v + 184 = 2*y - 0*v, 0 = y - v - 82. Let a be (1 - 0)/(6/18). Suppose -a*b + y = -163. Is b composite?
False
Suppose -94 = -4*s + 278. Let t = s + -50. Is t composite?
False
Let r(t) = 9*t + 2. Let s be r(2). Is 3 + 5/(s/784) a prime number?
True
Let v be (2*23)/((-5)/10). Let i = v - -169. Is i a composite number?
True
Let g(d) = 10*d + 4. Let q(j) = -21*j - 9. Let o(k) = 10*g(k) + 4*q(k). Let p be o(5). Let r = p - 49. Is r composite?
True
Let k(x) = x**3 + 3*x**2 - x. Let b be k(-3). Let d be 4593/6 - b/6. Suppose 4*l + 5*i - 872 = 0, 3*l + 3*i + 108 = d. Is l a prime number?
True
Let p(z) = -37*z**2 - 2*z + 2. Let y be p(-2). Let a be (2 - y)*(-1)/(-2). Let w = -19 + a. Is w composite?
False
Suppose 5*m + 4*d = d + 25, 5*d = 4*m - 57. Suppose m = 4*y - 28. Is y composite?
True
Suppose -2*s - 4*w + 390 = 0, -3*w + 394 = 3*s - s. Is s composite?
True
Suppose -t + 2*t - 5 = 0. Let m = 2 + -4. Is (3 - t)/(m/7) a composite number?
False
Let w = -4 - -82. Let p = w - -7. Is p composite?
True
Let s be -2 - ((0 - 0) + -5). Let a(p) = -6 + p + s + 1. Is a(9) a prime number?
True
Let t(a) be the second derivative of -a**5/20 + a**4/3 + 5*a**3/6 - a**2/2 + 5*a. Suppose 1 - 9 = -2*o. Is t(o) a prime number?
True
Let k = 39 + 32. Is k composite?
False
Suppose -7*z + 2*z + 30 = 0. Is z prime?
False
Let r(u) = u**3 - 11*u**2 - 13*u + 18. Is r(12) composite?
True
Suppose 0 = y - 4*v + 3*v - 17, -5*y - 2*v + 85 = 0. Suppose -2*x = -2*t - 10, -t = x + 2*t - y. Let u(h) = h**2 - 4*h + 5. Is u(x) prime?
True
Suppose -6*h + 2138 = -4768. Is h composite?
False
Let y = -4 + -14. Let k = y + 3. Is -4*(-1 - k/(-6)) a composite number?
True
Suppose -2061 = -q - 2*q - 3*c, -2*q - c + 1374 = 0. Is -2*(q/(-6) - 2) prime?
True
Suppose -5*c = -4*m - m - 3870, -3 = m. Suppose -c = -4*l + 297. Is l a prime number?
False
Suppose -o - p = -4*p - 3, 2*p = 0. Suppose -405 = -o*g - 4*j, -g + 3*j = 3*g - 565. Is g a composite number?
False
Suppose 1859 = u + 4*l, 4*u + 3*l + 5532 = 7*u. Is u a composite number?
False
Suppose -5*c + c + x = -70, -6 = -3*x. Suppose 0*p + c = -3*p. Is 2/(p/(-39) + 0) a composite number?
False
Let q be -2 - (3 + -3 - 846). Suppose 4*i = 3*n - 12 + q, -645 = -3*i - 3*n. Is i composite?
False
Suppose 6 = 2*m, r + 16 = 2*r + 4*m. Suppose -4*k - r*i + 143 = -193, 258 = 3*k - 3*i. Is k a prime number?
False
Let q(f) = -2*f + 0*f + 7*f. Is q(3) a composite number?
True
Let a(h) = -23*h + 3. Let x be a(-11). Suppose -2*t - 4*f = -98, 0*f = -5*t + f + x. Is t a composite number?
True
Let n be (-1)/2 + (-14)/(-4). Suppose 0*p = -n*p. Suppose -148 = -4*v - p*v. Is v a prime number?
True
Suppose 4*t + 19 - 83 = 0. Suppose 3*b = b + t. Suppose -3*a = -b - 169. Is a a composite number?
False
Let y(m) = 2*m**2 - 2*m + 2. Is y(4) a composite number?
True
Let u(q) = 7*q**2 - 6*q - 6. Is u(5) prime?
True
Suppose 0 = 6*h - 987 - 735. I